
5
What is the thousands digit of 26477045?
7
What is the hundreds digit of 195596507?
5
What is the ten millions digit of 25415636?
2
What is the hundred thousands digit of 93931657?
9
What is the hundreds digit of 16380286?
2
What is the hundred millions digit of 6905534711?
9
What is the units digit of 49017036?
6
What is the hundred thousands digit of 27820035?
8
What is the hundreds digit of 1345705798?
7
What is the hundreds digit of 13246233?
2
What is the hundred millions digit of 309966941?
3
What is the millions digit of 55785329?
5
What is the hundred millions digit of 1054558651?
0
What is the units digit of 48656824?
4
What is the hundreds digit of 3804165765?
7
What is the thousands digit of 411094704?
4
What is the ten millions digit of 3783176913?
8
What is the ten millions digit of 981607078?
8
What is the thousands digit of 47796578?
6
What is the millions digit of 522192257?
2
What is the ten millions digit of 3759101542?
5
What is the ten millions digit of 62147708?
6
What is the units digit of 4356188?
8
What is the millions digit of 861310224?
1
What is the tens digit of 33977401?
0
What is the ten millions digit of 558047763?
5
What is the ten thousands digit of 56139039?
3
What is the thousands digit of 389180847?
0
What is the millions digit of 17756451?
7
What is the tens digit of 48897575?
7
What is the ten millions digit of 1620149304?
2
What is the ten millions digit of 181453190?
8
What is the hundred millions digit of 160662331?
1
What is the ten thousands digit of 73807405?
0
What is the millions digit of 9619434?
9
What is the hundred millions digit of 659218086?
6
What is the tens digit of 2287978064?
6
What is the ten millions digit of 403550943?
0
What is the hundred thousands digit of 1159040299?
0
What is the ten thousands digit of 985802318?
0
What is the millions digit of 422311081?
2
What is the units digit of 4177383?
3
What is the millions digit of 70695696?
0
What is the hundreds digit of 35147948?
9
What is the ten millions digit of 2093900844?
9
What is the millions digit of 119697219?
9
What is the ten thousands digit of 28505590?
0
What is the hundred thousands digit of 34178440?
1
What is the hundreds digit of 1569670559?
5
What is the hundred millions digit of 6791901069?
7
What is the ten thousands digit of 2651531?
5
What is the millions digit of 4965232215?
5
What is the hundred millions digit of 3888770152?
8
What is the millions digit of 1322035533?
2
What is the thousands digit of 2083984488?
4
What is the hundreds digit of 262290056?
0
What is the hundred thousands digit of 272117795?
1
What is the units digit of 43875656?
6
What is the hundred thousands digit of 1303734315?
7
What is the ten thousands digit of 249040865?
4
What is the tens digit of 1129272826?
2
What is the units digit of 1297184835?
5
What is the tens digit of 430085227?
2
What is the hundreds digit of 746093985?
9
What is the hundreds digit of 23924462?
4
What is the hundred millions digit of 6309557468?
3
What is the units digit of 225192027?
7
What is the hundreds digit of 1976337479?
4
What is the units digit of 24945839?
9
What is the millions digit of 6048801499?
8
What is the thousands digit of 7273960433?
0
What is the thousands digit of 1316692707?
2
What is the thousands digit of 550841157?
1
What is the millions digit of 29141684?
9
What is the ten millions digit of 22712193?
2
What is the millions digit of 1324084122?
4
What is the ten thousands digit of 8194000?
9
What is the billions digit of 3807283716?
3
What is the hundreds digit of 14706619?
6
What is the hundred millions digit of 654732420?
6
What is the billions digit of 1276297770?
1
What is the ten thousands digit of 722949738?
4
What is the tens digit of 26264275?
7
What is the units digit of 3952570189?
9
What is the hundreds digit of 3116611956?
9
What is the millions digit of 777567607?
7
What is the units digit of 95273310?
0
What is the millions digit of 66215865?
6
What is the hundred thousands digit of 35500233?
5
What is the ten millions digit of 151190550?
5
What is the millions digit of 125569259?
5
What is the units digit of 48693220?
0
What is the hundred millions digit of 428355180?
4
What is the hundred thousands digit of 64940765?
9
What is the units digit of 409055944?
4
What is the tens digit of 43450722?
2
What is the tens digit of 619405695?
9
What is the units digit of 274611565?
5
What is the hundred millions digit of 4201759258?
2
What is the units digit of 462831922?
2
What is the ten thousands digit of 1119123661?
2
What is the hundred millions digit of 6529327799?
5
What is the tens digit of 2825972774?
7
What is the thousands digit of 2012055?
2
What is the millions digit of 22790107?
2
What is the hundred millions digit of 1904654622?
9
What is the hundred millions digit of 765533836?
7
What is the ten thousands digit of 2758933100?
3
What is the tens digit of 24501946?
4
What is the ten millions digit of 503467513?
0
What is the billions digit of 6298118440?
6
What is the millions digit of 82800224?
2
What is the tens digit of 3059242218?
1
What is the hundred thousands digit of 2049360661?
3
What is the hundred thousands digit of 832940627?
9
What is the units digit of 225380220?
0
What is the hundreds digit of 82433372?
3
What is the billions digit of 2226127319?
2
What is the tens digit of 591061610?
1
What is the hundred thousands digit of 1229893253?
8
What is the thousands digit of 129515526?
5
What is the ten millions digit of 35146606?
3
What is the tens digit of 383422451?
5
What is the hundred millions digit of 2043322117?
0
What is the thousands digit of 587505478?
5
What is the ten millions digit of 3631144809?
3
What is the thousands digit of 101400605?
0
What is the units digit of 56022311?
1
What is the units digit of 177392783?
3
What is the thousands digit of 1327575497?
5
What is the hundreds digit of 510792949?
9
What is the tens digit of 1122412326?
2
What is the hundred thousands digit of 2896701628?
7
What is the units digit of 419364639?
9
What is the ten thousands digit of 1600502922?
0
What is the ten thousands digit of 7623593?
2
What is the hundreds digit of 47346164?
1
What is the thousands digit of 3392203?
2
What is the millions digit of 384438609?
4
What is the ten millions digit of 337385632?
3
What is the millions digit of 773062620?
3
What is the ten thousands digit of 141623225?
2
What is the hundred thousands digit of 9939789?
9
What is the thousands digit of 38226723?
6
What is the thousands digit of 805259958?
9
What is the tens digit of 409806240?
4
What is the ten thousands digit of 92510135?
1
What is the ten thousands digit of 217642461?
4
What is the hundred thousands digit of 344493598?
4
What is the thousands digit of 46620509?
0
What is the hundred thousands digit of 398919381?
9
What is the thousands digit of 662144498?
4
What is the units digit of 78064343?
3
What is the units digit of 105941409?
9
What is the tens digit of 4713542?
4
What is the hundred thousands digit of 351167106?
1
What is the tens digit of 2118456394?
9
What is the ten millions digit of 66151541?
6
What is the tens digit of 497990816?
1
What is the hundreds digit of 700145643?
6
What is the millions digit of 54214339?
4
What is the units digit of 48077153?
3
What is the millions digit of 550094338?
0
What is the millions digit of 333278225?
3
What is the hundred millions digit of 868642697?
8
What is the ten millions digit of 61924164?
6
What is the tens digit of 58282080?
8
What is the tens digit of 1711181?
8
What is the tens digit of 314110728?
2
What is the thousands digit of 1083325613?
5
What is the units digit of 12236172?
2
What is the units digit of 823871626?
6
What is the hundred millions digit of 313870399?
3
What is the tens digit of 68902597?
9
What is the units digit of 209077816?
6
What is the ten millions digit of 97977659?
9
What is the ten thousands digit of 117186966?
8
What is the tens digit of 44391573?
7
What is the hundred millions digit of 600475964?
6
What is the millions digit of 1179674?
1
What is the tens digit of 22719842?
4
What is the tens digit of 4754905088?
8
What is the hundreds digit of 103184935?
9
What is the hundred millions digit of 1349160543?
3
What is 